{"id":6608,"date":"2021-03-05T16:54:26","date_gmt":"2021-03-05T15:54:26","guid":{"rendered":"https:\/\/www.ecam.be\/?page_id=6608"},"modified":"2021-03-05T17:00:32","modified_gmt":"2021-03-05T16:00:32","slug":"sar-maths","status":"publish","type":"page","link":"https:\/\/www.ecam.be\/en\/sar-maths\/","title":{"rendered":"SAR &#8211; Maths"},"content":{"rendered":"<p>[et_pb_section fb_built=\u00a0\u00bb1&Prime; _builder_version=\u00a0\u00bb3.22&Prime;][et_pb_row _builder_version=\u00a0\u00bb3.25&Prime; custom_padding=\u00a0\u00bb20px|0px|40px|0px|false|false\u00a0\u00bb][et_pb_column type=\u00a0\u00bb4_4&Prime; _builder_version=\u00a0\u00bb3.25&Prime; custom_padding=\u00a0\u00bb|||\u00a0\u00bb custom_padding__hover=\u00a0\u00bb|||\u00a0\u00bb][et_pb_text _builder_version=\u00a0\u00bb4.5.8&Prime; text_font=\u00a0\u00bbSaira Extra Condensed||||||||\u00a0\u00bb text_text_color=\u00a0\u00bb#1d2a85&Prime; text_font_size=\u00a0\u00bb40px\u00a0\u00bb header_font=\u00a0\u00bb||||||||\u00a0\u00bb]<\/p>\n<p>Le Service d&rsquo;Aide \u00e0 la R\u00e9ussite<\/p>\n<p>Ressources p\u00e9dagogiques pour les Math\u00e9matiques<\/p>\n<p>[\/et_pb_text][\/et_pb_column][\/et_pb_row][et_pb_row _builder_version=\u00a0\u00bb3.25&Prime; custom_padding=\u00a0\u00bb24px|0px|0px|0px|false|false\u00a0\u00bb][et_pb_column type=\u00a0\u00bb4_4&Prime; _builder_version=\u00a0\u00bb3.25&Prime; custom_padding=\u00a0\u00bb|||\u00a0\u00bb custom_padding__hover=\u00a0\u00bb|||\u00a0\u00bb][et_pb_text _builder_version=\u00a0\u00bb4.5.8&Prime; text_font=\u00a0\u00bbPoppins||||||||\u00a0\u00bb text_text_color=\u00a0\u00bb#7f918e\u00a0\u00bb custom_padding=\u00a0\u00bb||0px|||\u00a0\u00bb inline_fonts=\u00a0\u00bbPoppins\u00a0\u00bb]<\/p>\n<p>Nous remettons \u00e0 titre informatif <a href=\"http:\/\/www.enseignement.be\/index.php?page=24915&amp;navi=515\">ici le programme de math\u00e9matiques cens\u00e9 \u00eatre vu en secondaires.<\/a> Cependant, si vous vous retrouvez sur cette page, c&rsquo;est que des lacunes persistent ! Pour les palier, des magnifiques vid\u00e9os sont disponibles sur le site de la <a href=\"https:\/\/fr.khanacademy.org\/math\/grades-belges#be-6eme-secondaire4h2\">Khan Academy<\/a>. Comme les math\u00e9matiques constituent un domaine assez vaste, le nombre de vid\u00e9os disponibles est cons\u00e9quent&#8230; nous vous sugg\u00e9rons d\u00e8s lors de vous concentrer prioritairement sur les suivantes.<\/p>\n<p>&nbsp;<\/p>\n<p>[\/et_pb_text][\/et_pb_column][\/et_pb_row][\/et_pb_section]<\/p>\n","protected":false},"excerpt":{"rendered":"<p>Le Service d&rsquo;Aide \u00e0 la R\u00e9ussite Ressources p\u00e9dagogiques pour les Math\u00e9matiquesNous remettons \u00e0 titre informatif ici le programme de math\u00e9matiques cens\u00e9 \u00eatre vu en secondaires. Cependant, si vous vous retrouvez sur cette page, c&rsquo;est que des lacunes persistent ! Pour les palier, des magnifiques vid\u00e9os sont disponibles sur le site de la Khan Academy. Comme [&hellip;]<\/p>\n","protected":false},"author":4,"featured_media":0,"parent":0,"menu_order":0,"comment_status":"closed","ping_status":"closed","template":"","meta":{"_et_pb_use_builder":"on","_et_pb_old_content":"","_et_gb_content_width":"","_monsterinsights_skip_tracking":false,"_monsterinsights_sitenote_active":false,"_monsterinsights_sitenote_note":"","_monsterinsights_sitenote_category":0,"footnotes":""},"class_list":["post-6608","page","type-page","status-publish","hentry"],"yoast_head":"<!-- This site is optimized with the Yoast SEO plugin v27.5 - https:\/\/yoast.com\/product\/yoast-seo-wordpress\/ -->\n<title>SAR - Maths<\/title>\n<meta name=\"robots\" content=\"index, follow, max-snippet:-1, max-image-preview:large, max-video-preview:-1\" \/>\n<link rel=\"canonical\" href=\"https:\/\/www.ecam.be\/en\/sar-maths\/\" \/>\n<meta property=\"og:locale\" content=\"en_GB\" \/>\n<meta property=\"og:type\" content=\"article\" \/>\n<meta property=\"og:title\" content=\"SAR - Maths\" \/>\n<meta property=\"og:description\" content=\"Le Service d&#039;Aide \u00e0 la R\u00e9ussite Ressources p\u00e9dagogiques pour les Math\u00e9matiquesNous remettons \u00e0 titre informatif ici le programme de math\u00e9matiques cens\u00e9 \u00eatre vu en secondaires. Cependant, si vous vous retrouvez sur cette page, c&#039;est que des lacunes persistent ! Pour les palier, des magnifiques vid\u00e9os sont disponibles sur le site de la Khan Academy. Comme [&hellip;]\" \/>\n<meta property=\"og:url\" content=\"https:\/\/www.ecam.be\/en\/sar-maths\/\" \/>\n<meta property=\"og:site_name\" content=\"ECAM Bruxelles\" \/>\n<meta property=\"article:publisher\" content=\"https:\/\/www.facebook.com\/ecam.bruxelles\/\" \/>\n<meta property=\"article:modified_time\" content=\"2021-03-05T16:00:32+00:00\" \/>\n<meta property=\"og:image\" content=\"https:\/\/www.ecam.be\/wp-content\/uploads\/2023\/12\/logo_ECAM_entier_sansfond-2.png\" \/>\n\t<meta property=\"og:image:width\" content=\"1184\" \/>\n\t<meta property=\"og:image:height\" content=\"900\" \/>\n\t<meta property=\"og:image:type\" content=\"image\/png\" \/>\n<meta name=\"twitter:card\" content=\"summary_large_image\" \/>\n<script type=\"application\/ld+json\" class=\"yoast-schema-graph\">{\"@context\":\"https:\\\/\\\/schema.org\",\"@graph\":[{\"@type\":\"WebPage\",\"@id\":\"https:\\\/\\\/www.ecam.be\\\/sar-maths\\\/\",\"url\":\"https:\\\/\\\/www.ecam.be\\\/sar-maths\\\/\",\"name\":\"SAR - Maths\",\"isPartOf\":{\"@id\":\"https:\\\/\\\/www.ecam.be\\\/#website\"},\"datePublished\":\"2021-03-05T15:54:26+00:00\",\"dateModified\":\"2021-03-05T16:00:32+00:00\",\"breadcrumb\":{\"@id\":\"https:\\\/\\\/www.ecam.be\\\/sar-maths\\\/#breadcrumb\"},\"inLanguage\":\"en-GB\",\"potentialAction\":[{\"@type\":\"ReadAction\",\"target\":[\"https:\\\/\\\/www.ecam.be\\\/sar-maths\\\/\"]}]},{\"@type\":\"BreadcrumbList\",\"@id\":\"https:\\\/\\\/www.ecam.be\\\/sar-maths\\\/#breadcrumb\",\"itemListElement\":[{\"@type\":\"ListItem\",\"position\":1,\"name\":\"Accueil\",\"item\":\"https:\\\/\\\/www.ecam.be\\\/\"},{\"@type\":\"ListItem\",\"position\":2,\"name\":\"SAR &#8211; Maths\"}]},{\"@type\":\"WebSite\",\"@id\":\"https:\\\/\\\/www.ecam.be\\\/#website\",\"url\":\"https:\\\/\\\/www.ecam.be\\\/\",\"name\":\"ECAM Bruxelles\",\"description\":\"Le site officiel de l&#039;ECAM\",\"publisher\":{\"@id\":\"https:\\\/\\\/www.ecam.be\\\/#organization\"},\"potentialAction\":[{\"@type\":\"SearchAction\",\"target\":{\"@type\":\"EntryPoint\",\"urlTemplate\":\"https:\\\/\\\/www.ecam.be\\\/?s={search_term_string}\"},\"query-input\":{\"@type\":\"PropertyValueSpecification\",\"valueRequired\":true,\"valueName\":\"search_term_string\"}}],\"inLanguage\":\"en-GB\"},{\"@type\":\"Organization\",\"@id\":\"https:\\\/\\\/www.ecam.be\\\/#organization\",\"name\":\"ECAM Bruxelles\",\"url\":\"https:\\\/\\\/www.ecam.be\\\/\",\"logo\":{\"@type\":\"ImageObject\",\"inLanguage\":\"en-GB\",\"@id\":\"https:\\\/\\\/www.ecam.be\\\/#\\\/schema\\\/logo\\\/image\\\/\",\"url\":\"https:\\\/\\\/www.ecam.be\\\/wp-content\\\/uploads\\\/2023\\\/12\\\/logo_ECAM_entier_sansfond-2.png\",\"contentUrl\":\"https:\\\/\\\/www.ecam.be\\\/wp-content\\\/uploads\\\/2023\\\/12\\\/logo_ECAM_entier_sansfond-2.png\",\"width\":1184,\"height\":900,\"caption\":\"ECAM Bruxelles\"},\"image\":{\"@id\":\"https:\\\/\\\/www.ecam.be\\\/#\\\/schema\\\/logo\\\/image\\\/\"},\"sameAs\":[\"https:\\\/\\\/www.facebook.com\\\/ecam.bruxelles\\\/\",\"https:\\\/\\\/www.instagram.com\\\/ecam.bruxelles\\\/?hl=fr\",\"https:\\\/\\\/www.linkedin.com\\\/school\\\/ecam-brussels-engineering-school\\\/\"]}]}<\/script>\n<!-- \/ Yoast SEO plugin. -->","yoast_head_json":{"title":"SAR - Maths","robots":{"index":"index","follow":"follow","max-snippet":"max-snippet:-1","max-image-preview":"max-image-preview:large","max-video-preview":"max-video-preview:-1"},"canonical":"https:\/\/www.ecam.be\/en\/sar-maths\/","og_locale":"en_GB","og_type":"article","og_title":"SAR - Maths","og_description":"Le Service d'Aide \u00e0 la R\u00e9ussite Ressources p\u00e9dagogiques pour les Math\u00e9matiquesNous remettons \u00e0 titre informatif ici le programme de math\u00e9matiques cens\u00e9 \u00eatre vu en secondaires. Cependant, si vous vous retrouvez sur cette page, c'est que des lacunes persistent ! Pour les palier, des magnifiques vid\u00e9os sont disponibles sur le site de la Khan Academy. Comme [&hellip;]","og_url":"https:\/\/www.ecam.be\/en\/sar-maths\/","og_site_name":"ECAM Bruxelles","article_publisher":"https:\/\/www.facebook.com\/ecam.bruxelles\/","article_modified_time":"2021-03-05T16:00:32+00:00","og_image":[{"width":1184,"height":900,"url":"https:\/\/www.ecam.be\/wp-content\/uploads\/2023\/12\/logo_ECAM_entier_sansfond-2.png","type":"image\/png"}],"twitter_card":"summary_large_image","schema":{"@context":"https:\/\/schema.org","@graph":[{"@type":"WebPage","@id":"https:\/\/www.ecam.be\/sar-maths\/","url":"https:\/\/www.ecam.be\/sar-maths\/","name":"SAR - Maths","isPartOf":{"@id":"https:\/\/www.ecam.be\/#website"},"datePublished":"2021-03-05T15:54:26+00:00","dateModified":"2021-03-05T16:00:32+00:00","breadcrumb":{"@id":"https:\/\/www.ecam.be\/sar-maths\/#breadcrumb"},"inLanguage":"en-GB","potentialAction":[{"@type":"ReadAction","target":["https:\/\/www.ecam.be\/sar-maths\/"]}]},{"@type":"BreadcrumbList","@id":"https:\/\/www.ecam.be\/sar-maths\/#breadcrumb","itemListElement":[{"@type":"ListItem","position":1,"name":"Accueil","item":"https:\/\/www.ecam.be\/"},{"@type":"ListItem","position":2,"name":"SAR &#8211; Maths"}]},{"@type":"WebSite","@id":"https:\/\/www.ecam.be\/#website","url":"https:\/\/www.ecam.be\/","name":"ECAM Bruxelles","description":"Le site officiel de l&#039;ECAM","publisher":{"@id":"https:\/\/www.ecam.be\/#organization"},"potentialAction":[{"@type":"SearchAction","target":{"@type":"EntryPoint","urlTemplate":"https:\/\/www.ecam.be\/?s={search_term_string}"},"query-input":{"@type":"PropertyValueSpecification","valueRequired":true,"valueName":"search_term_string"}}],"inLanguage":"en-GB"},{"@type":"Organization","@id":"https:\/\/www.ecam.be\/#organization","name":"ECAM Bruxelles","url":"https:\/\/www.ecam.be\/","logo":{"@type":"ImageObject","inLanguage":"en-GB","@id":"https:\/\/www.ecam.be\/#\/schema\/logo\/image\/","url":"https:\/\/www.ecam.be\/wp-content\/uploads\/2023\/12\/logo_ECAM_entier_sansfond-2.png","contentUrl":"https:\/\/www.ecam.be\/wp-content\/uploads\/2023\/12\/logo_ECAM_entier_sansfond-2.png","width":1184,"height":900,"caption":"ECAM Bruxelles"},"image":{"@id":"https:\/\/www.ecam.be\/#\/schema\/logo\/image\/"},"sameAs":["https:\/\/www.facebook.com\/ecam.bruxelles\/","https:\/\/www.instagram.com\/ecam.bruxelles\/?hl=fr","https:\/\/www.linkedin.com\/school\/ecam-brussels-engineering-school\/"]}]}},"_links":{"self":[{"href":"https:\/\/www.ecam.be\/en\/wp-json\/wp\/v2\/pages\/6608","targetHints":{"allow":["GET"]}}],"collection":[{"href":"https:\/\/www.ecam.be\/en\/wp-json\/wp\/v2\/pages"}],"about":[{"href":"https:\/\/www.ecam.be\/en\/wp-json\/wp\/v2\/types\/page"}],"author":[{"embeddable":true,"href":"https:\/\/www.ecam.be\/en\/wp-json\/wp\/v2\/users\/4"}],"replies":[{"embeddable":true,"href":"https:\/\/www.ecam.be\/en\/wp-json\/wp\/v2\/comments?post=6608"}],"version-history":[{"count":3,"href":"https:\/\/www.ecam.be\/en\/wp-json\/wp\/v2\/pages\/6608\/revisions"}],"predecessor-version":[{"id":6613,"href":"https:\/\/www.ecam.be\/en\/wp-json\/wp\/v2\/pages\/6608\/revisions\/6613"}],"wp:attachment":[{"href":"https:\/\/www.ecam.be\/en\/wp-json\/wp\/v2\/media?parent=6608"}],"curies":[{"name":"wp","href":"https:\/\/api.w.org\/{rel}","templated":true}]}}

<p>[et_pb_section fb_built= »1&Prime; _builder_version= »3.22&Prime;][et_pb_row _builder_version= »3.25&Prime; custom_padding= »20px|0px|40px|0px|false|false »][et_pb_column type= »4_4&Prime; _builder_version= »3.25&Prime; custom_padding= »||| » custom_padding__hover= »||| »][et_pb_text _builder_version= »4.5.8&Prime; text_font= »Saira Extra Condensed|||||||| » text_text_color= »#1d2a85&Prime; text_font_size= »40px » header_font= »|||||||| »]</p>
<p>Le Service d&rsquo;Aide à la Réussite</p>
<p>Ressources pédagogiques pour les Mathématiques</p>
<p>[/et_pb_text][/et_pb_column][/et_pb_row][et_pb_row _builder_version= »3.25&Prime; custom_padding= »24px|0px|0px|0px|false|false »][et_pb_column type= »4_4&Prime; _builder_version= »3.25&Prime; custom_padding= »||| » custom_padding__hover= »||| »][et_pb_text _builder_version= »4.5.8&Prime; text_font= »Poppins|||||||| » text_text_color= »#7f918e » custom_padding= »||0px||| » inline_fonts= »Poppins »]</p>
<p>Nous remettons à titre informatif <a href="http://www.enseignement.be/index.php?page=24915&amp;navi=515">ici le programme de mathématiques censé être vu en secondaires.</a> Cependant, si vous vous retrouvez sur cette page, c&rsquo;est que des lacunes persistent ! Pour les palier, des magnifiques vidéos sont disponibles sur le site de la <a href="https://fr.khanacademy.org/math/grades-belges#be-6eme-secondaire4h2">Khan Academy</a>. Comme les mathématiques constituent un domaine assez vaste, le nombre de vidéos disponibles est conséquent&#8230; nous vous suggérons dès lors de vous concentrer prioritairement sur les suivantes.</p>
<p>&nbsp;</p>
<p>[/et_pb_text][/et_pb_column][/et_pb_row][/et_pb_section]</p>

<p>Le Service d&rsquo;Aide à la Réussite Ressources pédagogiques pour les MathématiquesNous remettons à titre informatif ici le programme de mathématiques censé être vu en secondaires. Cependant, si vous vous retrouvez sur cette page, c&rsquo;est que des lacunes persistent ! Pour les palier, des magnifiques vidéos sont disponibles sur le site de la Khan Academy. Comme [&hellip;]</p>

<!-- This site is optimized with the Yoast SEO plugin v27.5 - https://yoast.com/product/yoast-seo-wordpress/ -->
<title>SAR - Maths</title>
<meta name="robots" content="index, follow, max-snippet:-1, max-image-preview:large, max-video-preview:-1" />
<link rel="canonical" href="https://www.ecam.be/en/sar-maths/" />
<meta property="og:locale" content="en_GB" />
<meta property="og:type" content="article" />
<meta property="og:title" content="SAR - Maths" />
<meta property="og:description" content="Le Service d&#039;Aide à la Réussite Ressources pédagogiques pour les MathématiquesNous remettons à titre informatif ici le programme de mathématiques censé être vu en secondaires. Cependant, si vous vous retrouvez sur cette page, c&#039;est que des lacunes persistent ! Pour les palier, des magnifiques vidéos sont disponibles sur le site de la Khan Academy. Comme [&hellip;]" />
<meta property="og:url" content="https://www.ecam.be/en/sar-maths/" />
<meta property="og:site_name" content="ECAM Bruxelles" />
<meta property="article:publisher" content="https://www.facebook.com/ecam.bruxelles/" />
<meta property="article:modified_time" content="2021-03-05T16:00:32+00:00" />
<meta property="og:image" content="https://www.ecam.be/wp-content/uploads/2023/12/logo_ECAM_entier_sansfond-2.png" />
	<meta property="og:image:width" content="1184" />
	<meta property="og:image:height" content="900" />
	<meta property="og:image:type" content="image/png" />
<meta name="twitter:card" content="summary_large_image" />
<script type="application/ld+json" class="yoast-schema-graph">{"@context":"https:\/\/schema.org","@graph":[{"@type":"WebPage","@id":"https:\/\/www.ecam.be\/sar-maths\/","url":"https:\/\/www.ecam.be\/sar-maths\/","name":"SAR - Maths","isPartOf":{"@id":"https:\/\/www.ecam.be\/#website"},"datePublished":"2021-03-05T15:54:26+00:00","dateModified":"2021-03-05T16:00:32+00:00","breadcrumb":{"@id":"https:\/\/www.ecam.be\/sar-maths\/#breadcrumb"},"inLanguage":"en-GB","potentialAction":[{"@type":"ReadAction","target":["https:\/\/www.ecam.be\/sar-maths\/"]}]},{"@type":"BreadcrumbList","@id":"https:\/\/www.ecam.be\/sar-maths\/#breadcrumb","itemListElement":[{"@type":"ListItem","position":1,"name":"Accueil","item":"https:\/\/www.ecam.be\/"},{"@type":"ListItem","position":2,"name":"SAR &#8211; Maths"}]},{"@type":"WebSite","@id":"https:\/\/www.ecam.be\/#website","url":"https:\/\/www.ecam.be\/","name":"ECAM Bruxelles","description":"Le site officiel de l&#039;ECAM","publisher":{"@id":"https:\/\/www.ecam.be\/#organization"},"potentialAction":[{"@type":"SearchAction","target":{"@type":"EntryPoint","urlTemplate":"https:\/\/www.ecam.be\/?s={search_term_string}"},"query-input":{"@type":"PropertyValueSpecification","valueRequired":true,"valueName":"search_term_string"}}],"inLanguage":"en-GB"},{"@type":"Organization","@id":"https:\/\/www.ecam.be\/#organization","name":"ECAM Bruxelles","url":"https:\/\/www.ecam.be\/","logo":{"@type":"ImageObject","inLanguage":"en-GB","@id":"https:\/\/www.ecam.be\/#\/schema\/logo\/image\/","url":"https:\/\/www.ecam.be\/wp-content\/uploads\/2023\/12\/logo_ECAM_entier_sansfond-2.png","contentUrl":"https:\/\/www.ecam.be\/wp-content\/uploads\/2023\/12\/logo_ECAM_entier_sansfond-2.png","width":1184,"height":900,"caption":"ECAM Bruxelles"},"image":{"@id":"https:\/\/www.ecam.be\/#\/schema\/logo\/image\/"},"sameAs":["https:\/\/www.facebook.com\/ecam.bruxelles\/","https:\/\/www.instagram.com\/ecam.bruxelles\/?hl=fr","https:\/\/www.linkedin.com\/school\/ecam-brussels-engineering-school\/"]}]}</script>
<!-- / Yoast SEO plugin. -->

Le Service d'Aide à la Réussite Ressources pédagogiques pour les MathématiquesNous remettons à titre informatif ici le programme de mathématiques censé être vu en secondaires. Cependant, si vous vous retrouvez sur cette page, c'est que des lacunes persistent ! Pour les palier, des magnifiques vidéos sont disponibles sur le site de la Khan Academy. Comme [&hellip;]
